 + 75 = 2*b. What is the highest common divisor of x and b?
15
Suppose -2301 = -2*q + c + 55340, 35*q - 1008795 = 2*c. What is the greatest common divisor of q and 37?
37
Suppose 34*g + 64*g - 840 = 140. Calculate the highest common divisor of 6445 and g.
5
Let v be 0/((0 - 3)*6/9). Let l(x) = 12*x**2 - 2*x + 44. Let j be l(v). What is the greatest common divisor of j and 55?
11
Suppose 5*a + 238 = 5*y - 87, -289 = -5*y - 4*a. Calculate the greatest common divisor of 2623 and y.
61
Suppose 0 = -12*t + 6 + 18. Let l be (-12)/t*8/18*-6. Calculate the highest common divisor of l and 128.
16
Let t be 7/(-1*(-1)/(-13)). Suppose -41*o = -43*o + 434. Let p = o + t. What is the greatest common factor of p and 18?
18
Let i be (60/4)/((-138)/(-2714)). Calculate the greatest common divisor of i and 15.
5
Let b = 31587 + -31570. Calculate the greatest common factor of 10081 and b.
17
Suppose -6*s + s + 20 = 0. Let g(d) = -10 + 27 + 17 + d - s. Let f be g(-16). What is the highest common factor of 21 and f?
7
Let z be -2*((-33330)/204 - 6/51). Let b = z + 42. Calculate the greatest common divisor of b and 41.
41
Let w be 2250/(-6)*(3/3 - 3). Suppose -9*j - 2113 = -2563. What is the highest common factor of w and j?
50
Suppose -5*z + 54 = 2*u - 0*z, -5*u + 2*z = -106. Suppose -10*t = -u*t + 1932. Calculate the greatest common divisor of 46 and t.
23
Suppose 29*y + 34*y = -109*y + 68112. Calculate the greatest common divisor of y and 1144.
44
Let d be (-25)/((-525)/18)*406. What is the greatest common divisor of d and 12?
12
Let k(a) = 3*a + a + 3669 - 3557. Let n be k(-14). Calculate the highest common factor of 168 and n.
56
Let c = -703 + 783. Suppose 4*k - c = -y, -555 + 136 = -5*y - k. What is the greatest common factor of y and 96?
12
Let t = -6280 - -6570. What is the greatest common divisor of t and 3915?
145
Let h be -2 + -1 + (99/9 - 8). Let f = -1 - -4. Suppose -2*a = -f*j - 0*j + 122, -j + 2*a + 34 = h. Calculate the highest common factor of 44 and j.
44
Let r = -5417 + 5741. Calculate the highest common divisor of r and 63.
9
Suppose 2*l - 378 = -5*w + 76, 3*l + 2*w = 692. What is the highest common factor of l and 32?
8
Let j(h) = 2*h**2 + 15*h + 28. Let c be j(-5). Suppose 0 = -15*s + c*s + 156. Calculate the highest common factor of s and 611.
13
Let t = -58 - -68. Suppose -t*p = -132 + 702. Let n = p - -58. What is the highest common factor of n and 3?
1
Let d(j) = -j**2 - 126*j - 2621. Let h be d(-33). What is the greatest common divisor of h and 175?
7
Let w be 12*(16/(-6) + 4). Suppose -o = 3*o - w, 0 = 3*i - 3*o - 9. Calculate the greatest common factor of i and 175.
7
Let z = -1819 + 1835. Calculate the greatest common factor of 156 and z.
4
Let n = 232 + -120. Calculate the greatest common divisor of n and 5264.
112
Suppose 55*r = 13996 - 4316. Calculate the greatest common factor of 80 and r.
16
Let h = 7772 - 1442. What is the highest common divisor of 30 and h?
30
Let x = -559 + 529. Let r be (24/x)/(5/(-600)). What is the highest common factor of 120 and r?
24
Let f = -23 + 29. Suppose f*d - 18*d + 2112 = 0. Let c = 71 - 27. What is the greatest common factor of c and d?
44
Let n be 3/(-5)*(-1 - 4). Suppose 0*j + n*j = 36. Let w(p) = -3*p - 6. Let c be w(-6). What is the highest common divisor of c and j?
12
Let w = 59427 - 59367. Let d be (0 - -1) + (-47)/(-1). Calculate the greatest common divisor of d and w.
12
Let h be 21/((-15)/(-5)) - -1. Suppose 0 = -8*t + 65 - 1. Calculate the greatest common divisor of t and h.
8
Let k(g) = -g**3 + 2*g - 1. Let x(b) = 3*b**3 + 4*b**2 - 9*b + 3. Let d(f) = -2*k(f) - x(f). Let y be d(-8). What is the greatest common divisor of 86 and y?
43
Let n(o) = 16*o**2 - 7*o - 29. Let i = -11 - -18. Suppose i = 4*j + 23. Let p be n(j). Calculate the highest common divisor of 15 and p.
15
Let r = 2 + 9. Let w(m) = 3*m**3 + 3*m**2 + m - 4. Let f be w(2). Suppose a + r = 4*q - f, -4*q - a = -35. Calculate the highest common factor of q and 10.
10
Let a(d) = 0 - 5 + 526*d + 0 - 449*d. Let u be a(-5). Let l be (u/104)/(2/(-16)). Calculate the greatest common factor of l and 15.
15
Let q be (-51 + 0)*48/(-72) - (2 - -2). Let r = 186 + -116. Calculate the highest common factor of q and r.
10
Let q(o) = 16*o**2 - 22*o - 68. Let k be q(-6). What is the highest common factor of k and 30?
10
Suppose 3*d - 259 = 2*n, 4*d = 3*n + 174 + 217. Let p = -101 - n. Let w be 1/2 + (-358)/(-4). Calculate the highest common factor of p and w.
18
Let w(k) be the third derivative of -7*k**4/8 + 3*k**3 - 15*k**2 - 4. Let t be w(0). What is the greatest common factor of t and 153?
9
Let j(i) = i**3 + 10*i**2 - 15*i - 9. Suppose 5*y + o + 34 = 0, -1 - 3 = o. Let k be j(y). Calculate the highest common factor of k and 9.
9
Let j be (86*3/(-12))/(((-36)/872)/9). What is the greatest common factor of j and 43?
43
Let d(v) = -18*v**3 + 7*v**2 + 10*v - 4. Let t be d(-2). Let x = -106 + t. What is the greatest common divisor of x and 56?
14
Let z = -3 + 20. Let y(x) = -x**3 + 10*x**2 - 24*x + 5. Let c be y(7). Let w = c - -101. What is the greatest common divisor of w and z?
17
Suppose -i = -j + 277 + 414, -2*j + 1367 = -5*i. Calculate the highest common divisor of 40 and j.
8
Suppose 12 + 14 = -5*x + v, 5*x = 5*v - 30. Let q(c) = -c**3 - 3*c**2 + 15*c + 47. Let n be q(x). What is the greatest common divisor of 55 and n?
11
Suppose 6 = -o - 3*j, -3*j = 4*o - 12 - 0. Suppose -1 = 5*l + 24, -5*l = 3*w + 19. Let s = w + 2. What is the highest common divisor of s and o?
2
Let j be 1860/50 - 9/225*5. Calculate the highest common divisor of 5957 and j.
37
Let z = -123147 - -123179. Let h be (-6 + -2)/((-1)/20). Suppose -3*g = -g - h. Calculate the highest common factor of z and g.
16
Let s = -4 - -7. Let j be (8/8*-3)/(-1). Calculate the highest common factor of j and s.
3
Let f(d) be the second derivative of -d**4/12 - 6*d**3 - 115*d**2/2 + 166*d - 1. Let j be f(-16). What is the highest common divisor of j and 41?
41
Suppose 5*o - 4 - 1 = v, -2*v - 10 = -o. Suppose o = 8*s - 40 - 56. Calculate the highest common factor of s and 996.
12
Suppose -8*f + 9*f = c - 154, 4*c - 169 = f. Let x = f - -293. Suppose -2*j + j - 5*g + 26 = 0, -j = -2*g - 12. Calculate the highest common factor of j and x.
16
Suppose 0 = -2*t + 1 + 3. Let l(h) = h**2 + 4*h - 1. Let x be (0 + 1)*(7 + -12). Let b be l(x). What is the highest common divisor of b and t?
2
Let y = 1329 - 1320. Suppose 5*g - g = 144. What is the greatest common divisor of g and y?
9
Suppose -35 = 5*h, 1230 = 3*s - 4*h - 3244. What is the greatest common divisor of 858 and s?
78
Suppose -4*b + 0*b = k - 194, -104 = -2*b + 3*k. Let p be 4*6/24 + b. What is the greatest common divisor of p and 350?
50
Suppose 3*m = -12, 3*f + 31 - 156 = 5*m. Let h be f - (-2)/((-12)/30). Let v be 35/6 + (-1)/(-6). Calculate the greatest common factor of h and v.
6
Let z = 217 - 19. Let m = 346 + z. What is the greatest common divisor of 32 and m?
32
Let n = 8 - -5. Let p = 21491 + -21270. Calculate the highest common factor of n and p.
13
Let v(t) = t**3 + 9*t**2 - 6*t + 21. Let j be v(-7). Suppose 5*x - j - 4 = 2*r, 10 = 2*r. What is the greatest common divisor of x and 455?
35
Suppose 58 = 3*h - 647. Let v = h + -205. What is the highest common divisor of 135 and v?
15
Let m(c) = -c + 44. Let l be m(0). Suppose -20*k = -26*k + 24. Calculate the highest common factor of l and k.
4
Suppose 4*v + 2 = -x - 7, -3*x + v + 12 = 0. Let r be ((-1)/(-3))/(x/36). Calculate the greatest common factor of 4 and r.
4
Suppose 5 = -4*b - 3*u - 44, 5*u = 3*b + 73. Let h be b*2*12/(-32). Suppose -3*k + h = -21. What is the highest common divisor of k and 2?
1
Let m = 1324 + -1209. Calculate the highest common factor of 621 and m.
23
Let a be (2/7)/(5 + (-276)/56). Suppose -m = o - 22, a*o - 76 = -3*m + 3*o. What is the highest common factor of 45 and m?
9
Let z = -921 - -1657. Let a = -148164 + 148187. What is the highest common divisor of a and z?
23
Suppose -15*l = -3*l - 3012. Let q = 361 + l. What is the greatest common factor of q and 68?
68
Let x = 33302 - 31535. Calculate the highest common divisor of x and 651.
93
Let b(n) = -4*n**3 - 3*n**2 - 2*n + 3. Let w be b(-3). Suppose 6*m + 68 - 8 = 0. Let a be (m/6)/(13/(-7